{"id":32,"date":"2017-11-01T16:32:06","date_gmt":"2017-11-01T16:32:06","guid":{"rendered":"https:\/\/djfreeway.com.br\/site\/?page_id=32"},"modified":"2017-11-30T15:09:47","modified_gmt":"2017-11-30T15:09:47","slug":"para-o-seu-evento","status":"publish","type":"page","link":"https:\/\/djfreeway.com.br\/site\/para-o-seu-evento\/","title":{"rendered":"Para o seu evento"},"content":{"rendered":"<div id=\"pl-32\"  class=\"panel-layout\" ><div id=\"pg-32-0\"  class=\"panel-grid panel-no-style\" ><div id=\"pgc-32-0-0\"  class=\"panel-grid-cell panel-grid-cell-mobile-last\" ><div id=\"panel-32-0-0-0\" class=\"so-panel widget widget_sow-editor panel-first-child panel-last-child\" data-index=\"0\" ><div\n\t\t\t\n\t\t\tclass=\"so-widget-sow-editor so-widget-sow-editor-base\"\n\t\t\t\n\t\t>\n<div class=\"siteorigin-widget-tinymce textwidget\">\n\t<h2>Contratar um DJ, \u00e9 contratar arte e anima\u00e7\u00e3o.<\/h2>\n<\/div>\n<\/div><\/div><\/div><div id=\"pgc-32-0-1\"  class=\"panel-grid-cell panel-grid-cell-empty\" ><\/div><\/div><div id=\"pg-32-1\"  class=\"panel-grid panel-no-style\" ><div id=\"pgc-32-1-0\"  class=\"panel-grid-cell\" ><div id=\"panel-32-1-0-0\" class=\"so-panel widget widget_sow-editor panel-first-child panel-last-child\" data-index=\"1\" ><div\n\t\t\t\n\t\t\tclass=\"so-widget-sow-editor so-widget-sow-editor-base\"\n\t\t\t\n\t\t>\n<div class=\"siteorigin-widget-tinymce textwidget\">\n\t<hr \/>\n<\/div>\n<\/div><\/div><\/div><\/div><div id=\"pg-32-2\"  class=\"panel-grid panel-no-style\" ><div id=\"pgc-32-2-0\"  class=\"panel-grid-cell\" ><div id=\"panel-32-2-0-0\" class=\"so-panel widget widget_sow-image panel-first-child panel-last-child\" data-index=\"2\" ><div\n\t\t\t\n\t\t\tclass=\"so-widget-sow-image so-widget-sow-image-default-8b5b6f678277-32\"\n\t\t\t\n\t\t>\n\n<div class=\"sow-image-container\">\n\t\t<img src=\"https:\/\/i0.wp.com\/djfreeway.com.br\/site\/wp-content\/uploads\/2017\/11\/festa2.jpg?fit=600%2C341&amp;ssl=1\" width=\"600\" height=\"341\" srcset=\"https:\/\/i0.wp.com\/djfreeway.com.br\/site\/wp-content\/uploads\/2017\/11\/festa2.jpg?w=600&amp;ssl=1 600w, https:\/\/i0.wp.com\/djfreeway.com.br\/site\/wp-content\/uploads\/2017\/11\/festa2.jpg?resize=300%2C171&amp;ssl=1 300w\" alt=\"\" loading=\"lazy\" \t\tclass=\"so-widget-image\"\/>\n\t<\/div>\n\n<\/div><\/div><\/div><div id=\"pgc-32-2-1\"  class=\"panel-grid-cell\" ><div id=\"panel-32-2-1-0\" class=\"so-panel widget widget_sow-editor panel-first-child panel-last-child\" data-index=\"3\" ><div\n\t\t\t\n\t\t\tclass=\"so-widget-sow-editor so-widget-sow-editor-base\"\n\t\t\t\n\t\t>\n<div class=\"siteorigin-widget-tinymce textwidget\">\n\t<blockquote>\n<h3>Datas especiais devem ser comemoradas de maneiras especiais.<\/h3>\n<h3>Ent\u00e3o \u00e9 hora de reunir os amigos, familiares ou colegas de trabalho e festejar.<\/h3>\n<\/blockquote>\n<p><strong>E o que n\u00e3o pode faltar \u00e9 anima\u00e7\u00e3o.<\/strong> <\/p>\n<p>Por isso, o play list de um DJ aut\u00eantico deve por todo mundo em clima de festa. Convidados de todas as idades s\u00e3o contemplados com m\u00fasicas de cada \u00e9poca em blocos de estilos e ritmos no momento certo da festa.<\/p>\n<p>Cabe ao DJ identificar o momento e traduzi-lo em m\u00fasica que levante a galera e lote a pista de dan\u00e7a pela noite toda!<\/p>\n<\/div>\n<\/div><\/div><\/div><\/div><div id=\"pg-32-3\"  class=\"panel-grid panel-no-style\" ><div id=\"pgc-32-3-0\"  class=\"panel-grid-cell\" ><div id=\"panel-32-3-0-0\" class=\"so-panel widget widget_sow-editor panel-first-child panel-last-child\" data-index=\"4\" ><div\n\t\t\t\n\t\t\tclass=\"so-widget-sow-editor so-widget-sow-editor-base\"\n\t\t\t\n\t\t>\n<div class=\"siteorigin-widget-tinymce textwidget\">\n\t<hr \/>\n<\/div>\n<\/div><\/div><\/div><\/div><div id=\"pg-32-4\"  class=\"panel-grid panel-no-style\" ><div id=\"pgc-32-4-0\"  class=\"panel-grid-cell\" ><div id=\"panel-32-4-0-0\" class=\"so-panel widget widget_sow-editor panel-first-child panel-last-child\" data-index=\"5\" ><div\n\t\t\t\n\t\t\tclass=\"so-widget-sow-editor so-widget-sow-editor-base\"\n\t\t\t\n\t\t>\n<div class=\"siteorigin-widget-tinymce textwidget\">\n\t<p><strong>H\u00e1 20 anos trabalhando em casamentos, anivers\u00e1rios, bodas, formaturas, e eventos em empresas, o Dj Freeway sabe exatamente como transformar um simples encontro em um verdadeiro evento.<\/strong><\/p>\n<p>Com um grande \"know how\" t\u00e9cnico, conhece os detalhes da organiza\u00e7\u00e3o de uma festa e a hora certa de cada performance. S\u00e3o detalhes importantes para o sucesso da comemora\u00e7\u00e3o.<\/p>\n<blockquote>\n<h3>DJ Freeway deixa o evento com a sua cara e valoriza a suas prefer\u00eancias.<\/h3>\n<\/blockquote>\n<\/div>\n<\/div><\/div><\/div><div id=\"pgc-32-4-1\"  class=\"panel-grid-cell\" ><div id=\"panel-32-4-1-0\" class=\"so-panel widget widget_sow-image panel-first-child panel-last-child\" data-index=\"6\" ><div\n\t\t\t\n\t\t\tclass=\"so-widget-sow-image so-widget-sow-image-default-8b5b6f678277-32\"\n\t\t\t\n\t\t>\n\n<div class=\"sow-image-container\">\n\t\t<img src=\"https:\/\/i0.wp.com\/djfreeway.com.br\/site\/wp-content\/uploads\/2017\/11\/festa-1.jpg?fit=600%2C341&amp;ssl=1\" width=\"600\" height=\"341\" srcset=\"https:\/\/i0.wp.com\/djfreeway.com.br\/site\/wp-content\/uploads\/2017\/11\/festa-1.jpg?w=600&amp;ssl=1 600w, https:\/\/i0.wp.com\/djfreeway.com.br\/site\/wp-content\/uploads\/2017\/11\/festa-1.jpg?resize=300%2C171&amp;ssl=1 300w\" title=\"festa\" alt=\"\" loading=\"lazy\" \t\tclass=\"so-widget-image\"\/>\n\t<\/div>\n\n<\/div><\/div><\/div><\/div><div id=\"pg-32-5\"  class=\"panel-grid panel-no-style\" ><div id=\"pgc-32-5-0\"  class=\"panel-grid-cell\" ><div id=\"panel-32-5-0-0\" class=\"so-panel widget widget_sow-editor panel-first-child panel-last-child\" data-index=\"7\" ><div\n\t\t\t\n\t\t\tclass=\"so-widget-sow-editor so-widget-sow-editor-base\"\n\t\t\t\n\t\t>\n<div class=\"siteorigin-widget-tinymce textwidget\">\n\t<hr \/>\n<\/div>\n<\/div><\/div><\/div><\/div><div id=\"pg-32-6\"  class=\"panel-grid panel-no-style\" ><div id=\"pgc-32-6-0\"  class=\"panel-grid-cell\" ><div id=\"panel-32-6-0-0\" class=\"so-panel widget widget_sow-image panel-first-child panel-last-child\" data-index=\"8\" ><div class=\"hvr-shrink panel-widget-style panel-widget-style-for-32-6-0-0\" ><div\n\t\t\t\n\t\t\tclass=\"so-widget-sow-image so-widget-sow-image-default-8b5b6f678277-32\"\n\t\t\t\n\t\t>\n\n<div class=\"sow-image-container\">\n\t\t\t<a href=\"https:\/\/djfreeway.com.br\/site\/eventos-realizados\/\"\n\t\t\t\t\t>\n\t\t\t<img src=\"https:\/\/i0.wp.com\/djfreeway.com.br\/site\/wp-content\/uploads\/2017\/11\/eventos-2.png?fit=650%2C300&amp;ssl=1\" width=\"650\" height=\"300\" srcset=\"https:\/\/i0.wp.com\/djfreeway.com.br\/site\/wp-content\/uploads\/2017\/11\/eventos-2.png?w=650&amp;ssl=1 650w, https:\/\/i0.wp.com\/djfreeway.com.br\/site\/wp-content\/uploads\/2017\/11\/eventos-2.png?resize=300%2C138&amp;ssl=1 300w\" title=\"eventos\" alt=\"\" loading=\"lazy\" \t\tclass=\"so-widget-image\"\/>\n\t<\/a><\/div>\n\n<\/div><\/div><\/div><\/div><div id=\"pgc-32-6-1\"  class=\"panel-grid-cell\" ><div id=\"panel-32-6-1-0\" class=\"so-panel widget widget_sow-image panel-first-child panel-last-child\" data-index=\"9\" ><div class=\"hvr-shrink panel-widget-style panel-widget-style-for-32-6-1-0\" ><div\n\t\t\t\n\t\t\tclass=\"so-widget-sow-image so-widget-sow-image-default-8b5b6f678277-32\"\n\t\t\t\n\t\t>\n\n<div class=\"sow-image-container\">\n\t\t\t<a href=\"https:\/\/djfreeway.com.br\/site\/release\/\"\n\t\t\t\t\t>\n\t\t\t<img src=\"https:\/\/i0.wp.com\/djfreeway.com.br\/site\/wp-content\/uploads\/2017\/11\/conheca.png?fit=650%2C300&amp;ssl=1\" width=\"650\" height=\"300\" srcset=\"https:\/\/i0.wp.com\/djfreeway.com.br\/site\/wp-content\/uploads\/2017\/11\/conheca.png?w=650&amp;ssl=1 650w, https:\/\/i0.wp.com\/djfreeway.com.br\/site\/wp-content\/uploads\/2017\/11\/conheca.png?resize=300%2C138&amp;ssl=1 300w\" alt=\"\" loading=\"lazy\" \t\tclass=\"so-widget-image\"\/>\n\t<\/a><\/div>\n\n<\/div><\/div><\/div><\/div><\/div><div id=\"pg-32-7\"  class=\"panel-grid panel-no-style\" ><div id=\"pgc-32-7-0\"  class=\"panel-grid-cell\" ><div id=\"panel-32-7-0-0\" class=\"so-panel widget widget_sow-editor panel-first-child panel-last-child\" data-index=\"10\" ><div\n\t\t\t\n\t\t\tclass=\"so-widget-sow-editor so-widget-sow-editor-base\"\n\t\t\t\n\t\t>\n<div class=\"siteorigin-widget-tinymce textwidget\">\n\t<hr \/>\n<\/div>\n<\/div><\/div><\/div><\/div><div id=\"pg-32-8\"  class=\"panel-grid panel-no-style\" ><div id=\"pgc-32-8-0\"  class=\"panel-grid-cell panel-grid-cell-empty\" ><\/div><div id=\"pgc-32-8-1\"  class=\"panel-grid-cell panel-grid-cell-mobile-last\" ><div id=\"panel-32-8-1-0\" class=\"so-panel widget widget_sow-editor panel-first-child panel-last-child\" data-index=\"11\" ><div\n\t\t\t\n\t\t\tclass=\"so-widget-sow-editor so-widget-sow-editor-base\"\n\t\t\t\n\t\t>\n<div class=\"siteorigin-widget-tinymce textwidget\">\n\t<h4 style=\"text-align: center;\">Conhe\u00e7a o nosso trabalho.<\/h4>\n<h3 style=\"text-align: center;\">Marque sua entrevista sem compromisso.<br \/> Voc\u00ea vai se encantar.<\/h3>\n\n<div class=\"wpcf7 no-js\" id=\"wpcf7-f237-o1\" lang=\"pt-BR\" dir=\"ltr\">\n<div class=\"screen-reader-response\"><p role=\"status\" aria-live=\"polite\" aria-atomic=\"true\"><\/p> <ul><\/ul><\/div>\n<form action=\"\/site\/wp-json\/wp\/v2\/pages\/32#wpcf7-f237-o1\" method=\"post\" class=\"wpcf7-form init\" aria-label=\"Formul\u00e1rios de contato\" novalidate=\"novalidate\" data-status=\"init\">\n<div style=\"display: none;\">\n<input type=\"hidden\" name=\"_wpcf7\" value=\"237\" \/>\n<input type=\"hidden\" name=\"_wpcf7_version\" value=\"5.7.7\" \/>\n<input type=\"hidden\" name=\"_wpcf7_locale\" value=\"pt_BR\" \/>\n<input type=\"hidden\" name=\"_wpcf7_unit_tag\" value=\"wpcf7-f237-o1\" \/>\n<input type=\"hidden\" name=\"_wpcf7_container_post\" value=\"0\" \/>\n<input type=\"hidden\" name=\"_wpcf7_posted_data_hash\" value=\"\" \/>\n<\/div>\n<p><span class=\"wpcf7-form-control-wrap\" data-name=\"tipo\"><input size=\"40\" class=\"wpcf7-form-control wpcf7-text\" aria-invalid=\"false\" placeholder=\"Tipo de evento\" value=\"\" type=\"text\" name=\"tipo\" \/><\/span>\n<\/p>\n<p><span class=\"wpcf7-form-control-wrap\" data-name=\"data\"><input class=\"wpcf7-form-control wpcf7-date wpcf7-validates-as-date\" aria-invalid=\"false\" placeholder=\"Data\" value=\"\" type=\"date\" name=\"data\" \/><\/span>\n<\/p>\n<p><span class=\"wpcf7-form-control-wrap\" data-name=\"local\"><input size=\"40\" class=\"wpcf7-form-control wpcf7-text\" aria-invalid=\"false\" placeholder=\"Local\" value=\"\" type=\"text\" name=\"local\" \/><\/span>\n<\/p>\n<p><span class=\"wpcf7-form-control-wrap\" data-name=\"your-name\"><input size=\"40\" class=\"wpcf7-form-control wpcf7-text wpcf7-validates-as-required\" aria-required=\"true\" aria-invalid=\"false\" placeholder=\"Nome do solicitante\" value=\"\" type=\"text\" name=\"your-name\" \/><\/span>\n<\/p>\n<p><span class=\"wpcf7-form-control-wrap\" data-name=\"your-email\"><input size=\"40\" class=\"wpcf7-form-control wpcf7-text wpcf7-email wpcf7-validates-as-required wpcf7-validates-as-email\" aria-required=\"true\" aria-invalid=\"false\" placeholder=\"E-mail\" value=\"\" type=\"email\" name=\"your-email\" \/><\/span>\n<\/p>\n<p><span class=\"wpcf7-form-control-wrap\" data-name=\"telefone\"><input size=\"40\" class=\"wpcf7-form-control wpcf7-text wpcf7-validates-as-required\" aria-required=\"true\" aria-invalid=\"false\" placeholder=\"Telefone\/Whatsapp\" value=\"\" type=\"text\" name=\"telefone\" \/><\/span>\n<\/p>\n<p><span class=\"wpcf7-form-control-wrap\" data-name=\"your-message\"><textarea cols=\"40\" rows=\"10\" class=\"wpcf7-form-control wpcf7-textarea\" aria-invalid=\"false\" placeholder=\"Sua mensagem\" name=\"your-message\"><\/textarea><\/span>\n<\/p>\n<p><div id=\"cf7sr-69d0d226a1b49\" class=\"cf7sr-g-recaptcha\" data-sitekey=\"6Ld7_LIUAAAAAD0HBrWa3nbBw91dKE5ta3jq-rI9\"><\/div><span class=\"wpcf7-form-control-wrap cf7sr-recaptcha\" data-name=\"cf7sr-recaptcha\"><input type=\"hidden\" name=\"cf7sr-recaptcha\" value=\"\" class=\"wpcf7-form-control\"><\/span>\n<\/p>\n<p><input class=\"wpcf7-form-control has-spinner wpcf7-submit\" type=\"submit\" value=\"Enviar sua mensagem\" \/>\n<\/p><p style=\"display: none !important;\"><label>&#916;<textarea name=\"_wpcf7_ak_hp_textarea\" cols=\"45\" rows=\"8\" maxlength=\"100\"><\/textarea><\/label><input type=\"hidden\" id=\"ak_js_1\" name=\"_wpcf7_ak_js\" value=\"15\"\/><script>document.getElementById( \"ak_js_1\" ).setAttribute( \"value\", ( new Date() ).getTime() );<\/script><\/p><div class=\"wpcf7-response-output\" aria-hidden=\"true\"><\/div>\n<\/form>\n<\/div>\n\n<\/div>\n<\/div><\/div><\/div><div id=\"pgc-32-8-2\"  class=\"panel-grid-cell panel-grid-cell-empty\" ><\/div><\/div><\/div>","protected":false},"excerpt":{"rendered":"<p>Contratar um DJ, \u00e9 contratar arte e anima\u00e7\u00e3o.<\/p>\n","protected":false},"author":1,"featured_media":0,"parent":0,"menu_order":0,"comment_status":"closed","ping_status":"closed","template":"","meta":{"_mi_skip_tracking":false,"_exactmetrics_sitenote_active":false,"_exactmetrics_sitenote_note":"","_exactmetrics_sitenote_category":0,"ngg_post_thumbnail":0,"jetpack_post_was_ever_published":false},"jetpack_sharing_enabled":true,"jetpack_shortlink":"https:\/\/wp.me\/P9o2yc-w","jetpack_likes_enabled":true,"jetpack-related-posts":[],"_links":{"self":[{"href":"https:\/\/djfreeway.com.br\/site\/wp-json\/wp\/v2\/pages\/32"}],"collection":[{"href":"https:\/\/djfreeway.com.br\/site\/wp-json\/wp\/v2\/pages"}],"about":[{"href":"https:\/\/djfreeway.com.br\/site\/wp-json\/wp\/v2\/types\/page"}],"author":[{"embeddable":true,"href":"https:\/\/djfreeway.com.br\/site\/wp-json\/wp\/v2\/users\/1"}],"replies":[{"embeddable":true,"href":"https:\/\/djfreeway.com.br\/site\/wp-json\/wp\/v2\/comments?post=32"}],"version-history":[{"count":54,"href":"https:\/\/djfreeway.com.br\/site\/wp-json\/wp\/v2\/pages\/32\/revisions"}],"predecessor-version":[{"id":2053,"href":"https:\/\/djfreeway.com.br\/site\/wp-json\/wp\/v2\/pages\/32\/revisions\/2053"}],"wp:attachment":[{"href":"https:\/\/djfreeway.com.br\/site\/wp-json\/wp\/v2\/media?parent=32"}],"curies":[{"name":"wp","href":"https:\/\/api.w.org\/{rel}","templated":true}]}}